4
In base 13, what is 87 + -523bb?
-52334
In base 6, what is -40014104220 + -1?
-40014104221
In base 4, what is 112213110302 - 1?
112213110301
In base 3, what is 221000211201 - -2011?
221000220212
In base 6, what is -5 - 1302524?
-1302533
In base 4, what is -3 + 103330003122?
103330003113
In base 16, what is 5 + 19365c?
193661
In base 15, what is -4 + -30a04ce?
-30a04d3
In base 14, what is 7d + -c2c5c?
-c2bbd
In base 15, what is 949c + 7e6?
9c93
In base 14, what is 5 + b1a6d?
b1a74
In base 6, what is 104302 - -2524?
111230
In base 5, what is 44 - 103441203?
-103441104
In base 2, what is -100111000011110 - -110000101100101?
1001101000111
In base 9, what is -4055 - -20311?
15245
In base 6, what is -15454 - -10204?
-5250
In base 13, what is -1ab3107 - -8?
-1ab30cc
In base 15, what is 49cda + -77?
49c63
In base 6, what is 4520 + 10245020?
10253540
In base 4, what is 13121 + -3232012130?
-3231333003
In base 11, what is -78 + -3a293?
-3a360
In base 8, what is 121217576 + -2?
121217574
In base 7, what is 454646 - -2054?
460033
In base 13, what is -23 + 221625c?
2216239
In base 5, what is -1 - -11240102400?
11240102344
In base 16, what is a96ca7 - 5?
a96ca2
In base 6, what is 5443244 - 45?
5443155
In base 10, what is 143303759 + 2?
143303761
In base 7, what is -112 + 3215062?
3214650
In base 9, what is -321855 - 6?
-321862
In base 5, what is -3111 + -231430121?
-231433232
In base 2, what is -101010100101000000 - -110101111011?
-101001101111000101
In base 16, what is -2cf + -2fd66?
-30035
In base 7, what is -26360510 - 1?
-26360511
In base 8, what is -61 + 53306557?
53306476
In base 10, what is -5 + -7613067?
-7613072
In base 10, what is 1268 + 279039?
280307
In base 4, what is 201010 + -1132110210?
-1131303200
In base 3, what is 10120220020 - -1111?
10120221201
In base 15, what is -1a13ae7 + -12?
-1a13b09
In base 9, what is 18854 + -47328?
-27364
In base 15, what is -1666 - -7e2a?
67b4
In base 16, what is 116b5a + -55?
116b05
In base 4, what is 102203321 + -121?
102203200
In base 12, what is -6 + 3142a48?
3142a42
In base 16, what is -e - -3aaf3?
3aae5
In base 15, what is ba963 + -1b?
ba947
In base 16, what is 2 - 1f9ec98?
-1f9ec96
In base 16, what is 2fe8e + 7fa?
30688
In base 16, what is -34d64 - -f?
-34d55
In base 9, what is 2410835 - 17?
2410817
In base 15, what is -1 - -228a898?
228a897
In base 13, what is 2b + 35778?
357a6
In base 10, what is -274376 - -18?
-274358
In base 3, what is 112010101010112 + 2?
112010101010121
In base 3, what is -121100 - -11101221?
10210121
In base 16, what is 4 - -9d284?
9d288
In base 2, what is -10 + -1010111010000011101?
-1010111010000011111
In base 8, what is 523 - -1352244?
1352767
In base 10, what is -27046938 + 0?
-27046938
In base 9, what is 1286 - 34867?
-33571
In base 16, what is 5 - -b7f41?
b7f46
In base 7, what is -16544 - -312465?
262621
In base 7, what is -40413 + 10404?
-30006
In base 8, what is -212265022 - 3?
-212265025
In base 11, what is 3 + -117290a?
-1172907
In base 15, what is -1a1a - -6aa0?
5085
In base 2, what is -10001101000111 + 100011111100111?
10010010100000
In base 13, what is -1 + b12b8b6?
b12b8b5
In base 14, what is 3b0d0705 - 1?
3b0d0704
In base 12, what is 58 + 892998?
892a34
In base 5, what is 20 + -213430040?
-213430020
In base 15, what is -30a + -19805?
-19b10
In base 13, what is -ab - 76a4a?
-76b28
In base 2, what is 1 + -1100001111011100110010011?
-1100001111011100110010010
In base 6, what is 152405 - 2155?
150210
In base 6, what is 130443054 + 1?
130443055
In base 15, what is -355 + -18211?
-18566
In base 8, what is -5267616 + 21?
-5267575
In base 12, what is 216378a + 0?
216378a
In base 6, what is -14542 - -13021?
-1521
In base 14, what is 25a889b + 1?
25a889c
In base 13, what is -4 - 3a06896?
-3a0689a
In base 10, what is -391730287 - 2?
-391730289
In base 2, what is -10 - 101110011000011111111?
-101110011000100000001
In base 13, what is 2 + 114693c?
1146941
In base 13, what is -291ac36 - -5?
-291ac31
In base 3, what is -201101220211 + -11?
-201101220222
In base 7, what is -34 + -10116143?
-10116210
In base 11, what is -9 - -217442?
217434
In base 8, what is -10620 - -46452?
35632
In base 10, what is 150 + 193536?
193686
In base 12, what is -284433 + -3?
-284436
In base 3, what is 22001 - 12011010102012?
-12011010010011
In base 2, what is 1000000110001110 - 111111?
1000000101001111
In base 5, what is 1102423110 + -13?
1102423042
In base 6, what is 200534040 + -435?
200533201
In base 4, what is -2213320 - 11000123?
-13220103
In base 13, what is 9 - 16c9397?
-16c938b
In base 15, what is 176b + -37d?
13dd
In base 15, what is 50bb - 3a1a?
15a1
In base 9, what is -38 - -84432?
84383
In base 12, what is -4153 - 9b9?
-4b50
In base 8, what is 42302 - 5014?
35266
In base 14, what is 38 - -56b4c?
56b86
In base 16, what is 5bb4 + -25a?
595a
In base 7, what is 13454136 + 1544?
13456013
In base 12, what is 458b3a - -4?
458b42
In base 6, what is 2533305010 + -3?
2533305003
In base 3, what is 0 + -11020021211112021?
-11020021211112021
In base 2, what is -111110 + -111110111101001100100?
-111110111101010100010
In base 15, what is 1869 + 1c7?
1a41
In base 5, what is 10020 - 13012010?
-13001440
In base 11, what is 259521 - 19?
259503
In base 4, what is -3 + -32021322102?
-32021322111
In base 8, what is 271061607 + 5?
271061614
In base 12, what is 8794 - 8358?
438
In base 3, what is -1002111202210202 + 1?
-1002111202210201
In base 6, what is -44413505111 - -1?
-44413505110
In base 3, what is -11 + -112102100002222?
-112102100010010
In base 9, what is -174833515 + -4?
-174833520
In base 4, what is 10132010 - -113330201?
130122211
In base 15, what is 234bdde + -3?
234bddb
In base 15, what is -2c47b6 + 9?
-2c47ac
In base 10, what is -3336680 + -12?
-3336692
In base 5, what is -131404342 + -42?
-131404434
In base 9, what is 646 - -27061?
27717
In base 3, what is -11111 + 1000121211?
1000110100
In base 13, what is -76280 - -819?
-75764
In base 7, what is -6412 - -111636?
102224
In base 14, what is 1548 + 5dcd?
7537
In base 8, what is 162563606 + 4?
162563612
In base 9, what is 527076231 + -8?
527076222
In base 11, what is 3674340 + -7?
3674334
In base 15, what is -2c249 + 3c9?
-2bd70
In base 9, what is 366074 - 400?
365574
In base 13, what is aca25 - 362?
ac693
In base 9, what is -124 + -147262?
-147386
In base 12, what is -326a1831 - -2?
-326a182b
In base 5, what is 232044303 - 104?
232044144
In base 9, what is 82 - -376?
468
In base 5, what is -100101432 + 41?
-100101341
In base 4, what is 3 + 1321323302?
1321323311
In base 2, what is 11100011100011000010010101 - -11?
11100011100011000010011000
In base 14, what is 29ba16 + c?
29ba24
In base 3, what is -1010012222 - 0?
-1010012222
In base 4, what is -11 + 100132320213?
100132320202
In base 8, what is -15743 + 1563?
-14160
In base 4, what is -23133 + -331101222?
-331131021
In base 3, what is 2002022220212 + 1001?
2002022221220
In base 15, what is -28db + ca9?
-1b32
In base 10, what is 30 - -114044?
114074
In base 4, what is -3231221311 - -2122?
-3231213123
In base 2, what is -11 - -111000001001100000011000?
111000001001100000010101
In base 13, what is -1 + -101b10?
-101b11
In base 7, what is 1243 + -13340?
-12064
In base 8, what is 4632464 - -176?
4632662
In base 14, what is -5b0 + da2?
7d2
In base 14, what is -3 + -19b220?
-19b223
In base 10, what is -4743657 - 2?
-4743659
In base 7, what is -50615 - -1625?
-45660
In base 15, what is ebbc1 - 34?
ebb8c
In base 4, what is 10300 - -2220003123?
2220020023
In base 8, what is 240166357 - -5?
240166364
In base 3, what is 2222012 + 2021020000?
2101012012
In base 10, what is 2180908 + 48?
2180956
In base 13, what is 2 - -6331c8?
6331ca
In base 4, what is -133 + -21120333?
-21121132
In base 9, what is -4 - 236108?
-236113
In base 8, what is -4 - -1266165561?
1266165555
In base 2, what is -1001101100011101111 - 1100000?
-1001101100101001111
In base 7, what is -442045405 - -6?
-442045366
In base 5, what is -21 - 1321404112?
-1321404133
In base 11, what is 49226 + -25?
49201
In base 11, what is -6 + -5888037?
-5888042
In base 10, what is 155 + -455688?
-455533
In base 4, what is 20 + 10132032?
10132112
In base 10, what is 1 + 1297643?
1297644
In base 5, what is 243033020313 + 3?
243033020321
In base 5, what is